{"id":12464,"date":"2025-04-28T21:34:13","date_gmt":"2025-04-28T19:34:13","guid":{"rendered":"https:\/\/essas-du-volant.fr\/?page_id=12464"},"modified":"2026-02-09T21:45:33","modified_gmt":"2026-02-09T20:45:33","slug":"7eme-scrat-tour","status":"publish","type":"page","link":"https:\/\/essas-du-volant.fr\/index.php\/7eme-scrat-tour\/","title":{"rendered":"7\u00e8me Scrat Tour de Saint-Av\u00e9"},"content":{"rendered":"\n<p>L&rsquo;irr\u00e9ductible Badminton Club de Saint-Av\u00e9 vous attend pour son tournoi annuel !!! Le 7\u00e8me Scrat Tour aura lieu le 21-22 mars 2026 \u00e0 Saint-Av\u00e9 (Morbihan, Bretagne, Ouest de la France ;)). Il est ouvert \u00e0 tous les joueurs et joueuses cadets, juniors, seniors et v\u00e9t\u00e9rans licenci\u00e9s en France et de cat\u00e9gories NC, P12, P11, P10, D9, D8, D7, R6, R5 et R4. Simples et mixtes le samedi. Un tableau \u00e0 14\u20ac, deux \u00e0 18\u20ac. Inscriptions sur Badnet. Nous vous attendons nombreux !<\/p>\n\n\n\n<figure class=\"wp-block-image size-large\"><img data-recalc-dims=\"1\" loading=\"lazy\" decoding=\"async\" width=\"640\" height=\"905\" src=\"https:\/\/i0.wp.com\/essas-du-volant.fr\/wp-content\/uploads\/7emeScratTourv11.jpg?resize=640%2C905&#038;ssl=1\" alt=\"\" class=\"wp-image-14843\" srcset=\"https:\/\/i0.wp.com\/essas-du-volant.fr\/wp-content\/uploads\/7emeScratTourv11.jpg?resize=1414%2C2000&amp;ssl=1 1414w, https:\/\/i0.wp.com\/essas-du-volant.fr\/wp-content\/uploads\/7emeScratTourv11.jpg?resize=212%2C300&amp;ssl=1 212w, https:\/\/i0.wp.com\/essas-du-volant.fr\/wp-content\/uploads\/7emeScratTourv11.jpg?resize=768%2C1086&amp;ssl=1 768w, https:\/\/i0.wp.com\/essas-du-volant.fr\/wp-content\/uploads\/7emeScratTourv11.jpg?resize=1086%2C1536&amp;ssl=1 1086w, https:\/\/i0.wp.com\/essas-du-volant.fr\/wp-content\/uploads\/7emeScratTourv11.jpg?resize=191%2C270&amp;ssl=1 191w, https:\/\/i0.wp.com\/essas-du-volant.fr\/wp-content\/uploads\/7emeScratTourv11.jpg?w=1422&amp;ssl=1 1422w, https:\/\/i0.wp.com\/essas-du-volant.fr\/wp-content\/uploads\/7emeScratTourv11.jpg?w=1280&amp;ssl=1 1280w\" sizes=\"auto, (max-width: 640px) 100vw, 640px\" \/><\/figure>\n\n\n\n<p>\u00c0 vos inscriptions sur <a href=\"https:\/\/badnet.fr\/tournoi\/public?eventid=36408\">Badnet<\/a> !<\/p>\n","protected":false},"excerpt":{"rendered":"<p>L&rsquo;irr\u00e9ductible Badminton Club de Saint-Av\u00e9 vous attend pour son tournoi annuel !!! Le 7\u00e8me Scrat Tour aura lieu le 21-22 mars 2026 \u00e0 Saint-Av\u00e9 (Morbihan, Bretagne, Ouest de la France ;)). Il est ouvert \u00e0 tous les joueurs et joueuses cadets, juniors, seniors et v\u00e9t\u00e9rans licenci\u00e9s en France et de cat\u00e9gories NC, P12, P11, P10, D9, D8, D7, R6, R5 et R4. Simples et mixtes le samedi. Un tableau \u00e0 14\u20ac, deux \u00e0 18\u20ac. Inscriptions sur Badnet. Nous vous attendons&#8230;<\/p>\n<p class=\"read-more\"><a class=\"btn btn-default\" href=\"https:\/\/essas-du-volant.fr\/index.php\/7eme-scrat-tour\/\"> Read More<span class=\"screen-reader-text\">  Read More<\/span><\/a><\/p>\n","protected":false},"author":3,"featured_media":0,"parent":0,"menu_order":0,"comment_status":"closed","ping_status":"closed","template":"","meta":{"footnotes":""},"class_list":["post-12464","page","type-page","status-publish","hentry"],"jetpack_sharing_enabled":true,"jetpack_likes_enabled":true,"_links":{"self":[{"href":"https:\/\/essas-du-volant.fr\/index.php\/wp-json\/wp\/v2\/pages\/12464","targetHints":{"allow":["GET"]}}],"collection":[{"href":"https:\/\/essas-du-volant.fr\/index.php\/wp-json\/wp\/v2\/pages"}],"about":[{"href":"https:\/\/essas-du-volant.fr\/index.php\/wp-json\/wp\/v2\/types\/page"}],"author":[{"embeddable":true,"href":"https:\/\/essas-du-volant.fr\/index.php\/wp-json\/wp\/v2\/users\/3"}],"replies":[{"embeddable":true,"href":"https:\/\/essas-du-volant.fr\/index.php\/wp-json\/wp\/v2\/comments?post=12464"}],"version-history":[{"count":5,"href":"https:\/\/essas-du-volant.fr\/index.php\/wp-json\/wp\/v2\/pages\/12464\/revisions"}],"predecessor-version":[{"id":14895,"href":"https:\/\/essas-du-volant.fr\/index.php\/wp-json\/wp\/v2\/pages\/12464\/revisions\/14895"}],"wp:attachment":[{"href":"https:\/\/essas-du-volant.fr\/index.php\/wp-json\/wp\/v2\/media?parent=12464"}],"curies":[{"name":"wp","href":"https:\/\/api.w.org\/{rel}","templated":true}]}}