{"id":20,"date":"2017-01-01T14:49:56","date_gmt":"2017-01-01T13:49:56","guid":{"rendered":"https:\/\/essasblog.wordpress.com\/?page_id=20"},"modified":"2018-08-21T15:57:21","modified_gmt":"2018-08-21T13:57:21","slug":"badminton-11","status":"publish","type":"page","link":"https:\/\/essas-du-volant.fr\/index.php\/presentation\/badminton-11\/","title":{"rendered":"Le badminton, c&rsquo;est quoi ?"},"content":{"rendered":"<p><img data-recalc-dims=\"1\" loading=\"lazy\" decoding=\"async\" class=\"aligncenter wp-image-3148 size-full\" src=\"https:\/\/i0.wp.com\/essas-du-volant.fr\/wp-content\/uploads\/2017\/01\/smash-1.jpg?resize=640%2C425&#038;ssl=1\" alt=\"smash\" width=\"640\" height=\"425\" srcset=\"https:\/\/i0.wp.com\/essas-du-volant.fr\/wp-content\/uploads\/2017\/01\/smash-1.jpg?w=1500&amp;ssl=1 1500w, https:\/\/i0.wp.com\/essas-du-volant.fr\/wp-content\/uploads\/2017\/01\/smash-1.jpg?resize=300%2C199&amp;ssl=1 300w, https:\/\/i0.wp.com\/essas-du-volant.fr\/wp-content\/uploads\/2017\/01\/smash-1.jpg?resize=768%2C509&amp;ssl=1 768w, https:\/\/i0.wp.com\/essas-du-volant.fr\/wp-content\/uploads\/2017\/01\/smash-1.jpg?w=1280&amp;ssl=1 1280w\" sizes=\"auto, (max-width: 640px) 100vw, 640px\" \/><\/p>\n<p style=\"text-align: justify;\">Le badminton est un sport de raquette avec volant. En Occident, il est parfois consid\u00e9r\u00e9 comme un simple jeu d&rsquo;ext\u00e9rieur peu fatiguant, petit fr\u00e8re du tennis. Sa pratique en comp\u00e9tition n&rsquo;est envisageable qu&rsquo;en salle.<\/p>\n<p style=\"text-align: justify;\">Pourtant, le badminton est un sport qui, pratiqu\u00e9 dans le cadre d&rsquo;un club, est extr\u00eamement \u00e9prouvant et tactique. En Asie, le badminton est le sport num\u00e9ro 1, et dans le monde, c&rsquo;est le deuxi\u00e8me sport le plus pratiqu\u00e9 apr\u00e8s le football.<\/p>\n<p style=\"text-align: justify;\">Le jeu consiste \u00e0 \u00e9changer un volant \u00e0 l&rsquo;aide d&rsquo;une raquette, au-dessus d&rsquo;un filet haut de 1,524m au centre et 1,55m au niveau des poteaux \u00e0 l&rsquo;aide d&rsquo;une raquette. Les techniques de frappe induisent des mouvements vari\u00e9s : lent, rapide et feint\u00e9.<\/p>\n<p style=\"text-align: justify;\">La vitesse des coups peut aller de 3km\/h lors d&rsquo;un amorti \u00e0 plus de 300km\/h pour un smash. R\u00e9cemment, des sp\u00e9cialistes ont \u00e9tabli que la vitesse d&rsquo;un volant peut m\u00eame atteindre 330km\/h, c&rsquo;est-\u00e0-dire la vitesse la plus \u00e9lev\u00e9e enregistr\u00e9e dans tous les sports de raquettes (le record actuel est m\u00eame \u00e0 493km\/h !!!). \u00c0 titre de comparaison, la vitesse maximale atteinte par la balle lors d&rsquo;un match de tennis entre joueurs professionnels ne d\u00e9passe pas les 260km\/h.<\/p>\n<h3>Les r\u00e8gles<\/h3>\n<p style=\"text-align: justify;\">Le Badminton est un sport \u00e0 la base relativement simple, agr\u00e9ment\u00e9 par la suite de r\u00e8gles plus rigoureuses et mettant du piment \u00e0 la pratique. Il s&rsquo;agit avant de faire tomber le volant dans le terrain de l&rsquo;adversaire, c&rsquo;est-\u00e0-dire de l&rsquo;autre c\u00f4t\u00e9 du filet et dans les limites d\u00e9finies au sol. Tr\u00e8s simple en soi.<\/p>\n<p style=\"text-align: justify;\"><img data-recalc-dims=\"1\" loading=\"lazy\" decoding=\"async\" class=\"aligncenter wp-image-3149 size-full\" src=\"https:\/\/i0.wp.com\/essas-du-volant.fr\/wp-content\/uploads\/2017\/01\/bad_terrain_dimension.png?resize=486%2C260&#038;ssl=1\" alt=\"bad_terrain_dimension\" width=\"486\" height=\"260\" srcset=\"https:\/\/i0.wp.com\/essas-du-volant.fr\/wp-content\/uploads\/2017\/01\/bad_terrain_dimension.png?w=486&amp;ssl=1 486w, https:\/\/i0.wp.com\/essas-du-volant.fr\/wp-content\/uploads\/2017\/01\/bad_terrain_dimension.png?resize=300%2C160&amp;ssl=1 300w\" sizes=\"auto, (max-width: 486px) 100vw, 486px\" \/><\/p>\n<p style=\"text-align: justify;\">Toutefois, \u00e0 mieux y regarder, on peut alors se demander \u00e0 quoi servent toutes ces lignes dessin\u00e9es sur le sol ? Plusieurs cas de figure \u00e0 d\u00e9crire, \u00e0 commencer par le jeu en simple.<\/p>\n<h4>Le jeu en \u00ab\u00a0simple\u00a0\u00bb : 1 contre 1<\/h4>\n<p><img data-recalc-dims=\"1\" loading=\"lazy\" decoding=\"async\" class=\"aligncenter wp-image-3151\" src=\"https:\/\/i0.wp.com\/essas-du-volant.fr\/wp-content\/uploads\/2017\/01\/bad_terrain-simple.jpg?resize=350%2C203&#038;ssl=1\" alt=\"bad_terrain-simple\" width=\"350\" height=\"203\" \/><\/p>\n<p style=\"text-align: justify;\">Au service en simple, le score du serveur fait foi pour le c\u00f4t\u00e9 de service : le serveur est dans le carr\u00e9 de droite si son score est pair, z\u00e9ro \u00e9tant consid\u00e9r\u00e9 comme pair, \u00e0 gauche sinon. Le service se fait dans le carr\u00e9 de service oppos\u00e9 de l&rsquo;adversaire : on sert donc en diagonale. Les limites sont d\u00e9finies en profondeur par la ligne de service devant et la deuxi\u00e8me ligne de fond de court derri\u00e8re (la plus ext\u00e9rieure du terrain), et par la ligne centrale et la premi\u00e8re ligne de couloir lat\u00e9ral (la plus int\u00e9rieure). Pour le reste de l&rsquo;\u00e9change, les limites du terrain sont le filet au centre et la deuxi\u00e8me ligne de fond de court (la plus ext\u00e9rieure) pour la profondeur, et les premi\u00e8res lignes de couloirs lat\u00e9raux (les plus int\u00e9rieures) pour la largeur.<\/p>\n<h4>Le jeu en \u00ab\u00a0double\u00a0\u00bb: 2 contre 2<\/h4>\n<p><img data-recalc-dims=\"1\" loading=\"lazy\" decoding=\"async\" class=\"aligncenter wp-image-3150\" src=\"https:\/\/i0.wp.com\/essas-du-volant.fr\/wp-content\/uploads\/2017\/01\/bad_terrain-double.jpg?resize=350%2C204&#038;ssl=1\" width=\"350\" height=\"204\" \/><\/p>\n<p style=\"text-align: justify;\">Pour le jeu en double, cela se passe d&rsquo;une mani\u00e8re suivant diff\u00e9rente. Au d\u00e9but du set, la r\u00e8gle est inchang\u00e9e : le serveur se tient \u00e0 l&rsquo;int\u00e9rieur de la zone de service droite, faisant face au filet. Le receveur se situe dans la zone de service droite, faisant face au filet, de l&rsquo;autre c\u00f4t\u00e9 du filet. Les partenaires peuvent se placer o\u00f9 ils le d\u00e9sirent sur leur demi-terrain \u00e0 condition de ne pas g\u00eaner le champ de vision du serveur ou du receveur adverse. Le reste du temps, pour la position au service, la r\u00e8gle change : le serveur se positionne toujours en fonction des points de son \u00e9quipe, donc \u00e0 droite si pair, \u00e0 gauche si impair. Sur son service, si l&rsquo;\u00e9quipe gagne, elle marque un point, le serveur reste le m\u00eame et change de c\u00f4t\u00e9 ; si l&rsquo;\u00e9quipe perd, l&rsquo;\u00e9quipe adverse marque un point et le serveur est celui qui n&rsquo;a pas servi la fois pr\u00e9c\u00e9dente o\u00f9 l&rsquo;\u00e9quipe poss\u00e9dait l&rsquo;engagement. Le serveur se place alors en fonction de son score, selon le m\u00eame principe qu&rsquo;en simple, l&rsquo;\u00e9quipe adverse ne bougeant pas par rapport \u00e0 sa position pr\u00e9c\u00e9dente.<\/p>\n<p style=\"text-align: justify;\">Pour les limites, le serveur doit envoyer le volant entre la ligne de service et la premi\u00e8re ligne de fond de court (la plus int\u00e9rieure) pour la profondeur, et entre la ligne centrale et la deuxi\u00e8me ligne de couloir (la plus ext\u00e9rieure) pour la largeur. Pour le reste de l&rsquo;\u00e9change, le volant peut \u00eatre envoy\u00e9 dans la totalit\u00e9 du terrain adverse.<\/p>\n","protected":false},"excerpt":{"rendered":"<p>Le badminton est un sport de raquette avec volant. En Occident, il est parfois consid\u00e9r\u00e9 comme un simple jeu d&rsquo;ext\u00e9rieur peu fatiguant, petit fr\u00e8re du tennis. Sa pratique en comp\u00e9tition n&rsquo;est envisageable qu&rsquo;en salle. Pourtant, le badminton est un sport qui, pratiqu\u00e9 dans le cadre d&rsquo;un club, est extr\u00eamement \u00e9prouvant et tactique. En Asie, le badminton est le sport num\u00e9ro 1, et dans le monde, c&rsquo;est le deuxi\u00e8me sport le plus pratiqu\u00e9 apr\u00e8s le football. Le jeu consiste \u00e0 \u00e9changer&#8230;<\/p>\n<p class=\"read-more\"><a class=\"btn btn-default\" href=\"https:\/\/essas-du-volant.fr\/index.php\/presentation\/badminton-11\/\"> Read More<span class=\"screen-reader-text\">  Read More<\/span><\/a><\/p>\n","protected":false},"author":1,"featured_media":0,"parent":657,"menu_order":0,"comment_status":"closed","ping_status":"closed","template":"","meta":{"footnotes":""},"class_list":["post-20","page","type-page","status-publish","hentry"],"jetpack_sharing_enabled":true,"jetpack_likes_enabled":true,"_links":{"self":[{"href":"https:\/\/essas-du-volant.fr\/index.php\/wp-json\/wp\/v2\/pages\/20","targetHints":{"allow":["GET"]}}],"collection":[{"href":"https:\/\/essas-du-volant.fr\/index.php\/wp-json\/wp\/v2\/pages"}],"about":[{"href":"https:\/\/essas-du-volant.fr\/index.php\/wp-json\/wp\/v2\/types\/page"}],"author":[{"embeddable":true,"href":"https:\/\/essas-du-volant.fr\/index.php\/wp-json\/wp\/v2\/users\/1"}],"replies":[{"embeddable":true,"href":"https:\/\/essas-du-volant.fr\/index.php\/wp-json\/wp\/v2\/comments?post=20"}],"version-history":[{"count":5,"href":"https:\/\/essas-du-volant.fr\/index.php\/wp-json\/wp\/v2\/pages\/20\/revisions"}],"predecessor-version":[{"id":5026,"href":"https:\/\/essas-du-volant.fr\/index.php\/wp-json\/wp\/v2\/pages\/20\/revisions\/5026"}],"up":[{"embeddable":true,"href":"https:\/\/essas-du-volant.fr\/index.php\/wp-json\/wp\/v2\/pages\/657"}],"wp:attachment":[{"href":"https:\/\/essas-du-volant.fr\/index.php\/wp-json\/wp\/v2\/media?parent=20"}],"curies":[{"name":"wp","href":"https:\/\/api.w.org\/{rel}","templated":true}]}}