{"id":25,"date":"2017-01-01T14:51:03","date_gmt":"2017-01-01T13:51:03","guid":{"rendered":"https:\/\/essasblog.wordpress.com\/?page_id=25"},"modified":"2025-08-09T19:58:16","modified_gmt":"2025-08-09T17:58:16","slug":"horaires-et-salles","status":"publish","type":"page","link":"https:\/\/essas-du-volant.fr\/index.php\/pratique\/horaires-et-salles\/","title":{"rendered":"Horaires et salles"},"content":{"rendered":"\n<div class=\"wp-block-group is-content-justification-left is-nowrap is-layout-flex wp-container-core-group-is-layout-f56a869c wp-block-group-is-layout-flex\">\n<figure class=\"wp-block-image size-large is-resized\"><img data-recalc-dims=\"1\" loading=\"lazy\" decoding=\"async\" width=\"640\" height=\"360\" src=\"https:\/\/i0.wp.com\/essas-du-volant.fr\/wp-content\/uploads\/Scrat-no-time-for-nuts.jpg?resize=640%2C360&#038;ssl=1\" alt=\"\" class=\"wp-image-10952\" style=\"width:500px\" srcset=\"https:\/\/i0.wp.com\/essas-du-volant.fr\/wp-content\/uploads\/Scrat-no-time-for-nuts.jpg?resize=2000%2C1125&amp;ssl=1 2000w, https:\/\/i0.wp.com\/essas-du-volant.fr\/wp-content\/uploads\/Scrat-no-time-for-nuts.jpg?resize=300%2C169&amp;ssl=1 300w, https:\/\/i0.wp.com\/essas-du-volant.fr\/wp-content\/uploads\/Scrat-no-time-for-nuts.jpg?resize=768%2C432&amp;ssl=1 768w, https:\/\/i0.wp.com\/essas-du-volant.fr\/wp-content\/uploads\/Scrat-no-time-for-nuts.jpg?resize=1536%2C864&amp;ssl=1 1536w, https:\/\/i0.wp.com\/essas-du-volant.fr\/wp-content\/uploads\/Scrat-no-time-for-nuts.jpg?resize=480%2C270&amp;ssl=1 480w, https:\/\/i0.wp.com\/essas-du-volant.fr\/wp-content\/uploads\/Scrat-no-time-for-nuts.jpg?w=2048&amp;ssl=1 2048w, https:\/\/i0.wp.com\/essas-du-volant.fr\/wp-content\/uploads\/Scrat-no-time-for-nuts.jpg?w=1280&amp;ssl=1 1280w, https:\/\/i0.wp.com\/essas-du-volant.fr\/wp-content\/uploads\/Scrat-no-time-for-nuts.jpg?w=1920&amp;ssl=1 1920w\" sizes=\"auto, (max-width: 640px) 100vw, 640px\" \/><\/figure>\n<\/div>\n\n\n\n<p>\u26a0\ufe0f Pendant les vacances, horaires sp\u00e9ciaux. \u26a0\ufe0f<br>Lundi 19h-21h et mercredi 19h-21h, salle Jo Le Dr\u00e9vo\/Pierre Le Nouail selon disponibilit\u00e9.<\/p>\n\n\n\n<h3 class=\"wp-block-heading\">Cr\u00e9neaux 2025-2026 (hors vacances)<\/h3>\n\n\n\n<ul class=\"wp-block-list\">\n<li><b>le lundi de 18h15 \u00e0 20h00<\/b><strong> :<\/strong> jeu libre, salle Jo Le Dr\u00e9vo sur 6 terrains.<\/li>\n\n\n\n<li><b>le lundi de 20h00 \u00e0 22h30 : <\/b>jeu libre, salle Jo Le Dr\u00e9vo sur 6 terrains ou rencontres interclubs<\/li>\n\n\n\n<li><strong>le mercredi de 18h00 \u00e0 20h00 :<\/strong> jeu libre, salle Pierre Le Nouail (1\/2 salle) sur 4 terrains.<\/li>\n\n\n\n<li><strong>le mercredi de 20h00 \u00e0 22h30 :<\/strong> entra\u00eenement comp\u00e9titeurs, salle Pierre Le Nouail (1\/2 salle) sur 4 terrains.<\/li>\n\n\n\n<li><strong>le jeudi de 18h30 \u00e0 20h00 :<\/strong>\u00a0jeu libre, salle Pierre Le Nouail (1\/2 salle) sur 4 terrains.<\/li>\n\n\n\n<li><strong>le vendredi de 18h00 \u00e0 20h00 :<\/strong> jeu libre, salle Jo Le Dr\u00e9vo sur 6 terrains.<\/li>\n\n\n\n<li><strong>le vendredi \u00e0 partir de 20h30 :<\/strong> tournoi interne selon calendrier, salle Jo Le Dr\u00e9vo sur 6 terrains.<\/li>\n<\/ul>\n\n\n\n<p>Et pour ceux et celles qui pr\u00e9f\u00e8rent un dessin\/tableau\/sch\u00e9ma plut\u00f4t qu&rsquo;un long discours, voici ci-dessous les cr\u00e9neaux 2025-2026 en tableau \ud83d\ude09<\/p>\n\n\n\n<figure class=\"wp-block-table\"><table class=\"has-fixed-layout\"><tbody><tr><td class=\"has-text-align-center\" data-align=\"center\"><strong>Jour<\/strong><\/td><td class=\"has-text-align-center\" data-align=\"center\"><strong>Horaire<\/strong><\/td><td class=\"has-text-align-center\" data-align=\"center\"><strong>Public<\/strong><\/td><td class=\"has-text-align-center\" data-align=\"center\"><strong>Salle<\/strong><\/td><\/tr><tr><td class=\"has-text-align-center\" data-align=\"center\" rowspan=\"2\"><strong>Lundi<\/strong><\/td><td class=\"has-text-align-center\" data-align=\"center\">18h15-20h<\/td><td class=\"has-text-align-center\" data-align=\"center\">Jeu libre<\/td><td class=\"has-text-align-center\" data-align=\"center\" rowspan=\"2\">Jo le Dr\u00e9vo<br>6 terrains<\/td><\/tr><tr><td class=\"has-text-align-center\" data-align=\"center\">20h-22h30<\/td><td class=\"has-text-align-center\" data-align=\"center\">Jeu libre + interclubs<\/td><\/tr><tr><td class=\"has-text-align-center\" data-align=\"center\" rowspan=\"2\"><strong>Mercredi<\/strong><\/td><td class=\"has-text-align-center\" data-align=\"center\">18h-20h<\/td><td class=\"has-text-align-center\" data-align=\"center\">Jeu libre<\/td><td class=\"has-text-align-center\" data-align=\"center\" rowspan=\"2\">Pierre Le Nouail<br>4 terrains<\/td><\/tr><tr><td class=\"has-text-align-center\" data-align=\"center\">20h-22h30<\/td><td class=\"has-text-align-center\" data-align=\"center\">Entra\u00eenement comp\u00e9titeurs<\/td><\/tr><tr><td class=\"has-text-align-center\" data-align=\"center\"><strong>Jeudi<\/strong><\/td><td class=\"has-text-align-center\" data-align=\"center\">18h30-20h<\/td><td class=\"has-text-align-center\" data-align=\"center\">Jeu libre<\/td><td class=\"has-text-align-center\" data-align=\"center\">Pierre Le Nouail<br>4 terrains<\/td><\/tr><tr><td class=\"has-text-align-center\" data-align=\"center\" rowspan=\"2\"><strong>Vendredi<\/strong><\/td><td class=\"has-text-align-center\" data-align=\"center\">18h-20h<\/td><td class=\"has-text-align-center\" data-align=\"center\">Jeu libre<\/td><td class=\"has-text-align-center\" data-align=\"center\" rowspan=\"2\">Jo le Dr\u00e9vo<br>6 terrains<\/td><\/tr><tr><td class=\"has-text-align-center\" data-align=\"center\">20h30<\/td><td class=\"has-text-align-center\" data-align=\"center\">Tournoi interne selon calendrier<\/td><\/tr><\/tbody><\/table><\/figure>\n\n\n\n<div style=\"height:100px\" aria-hidden=\"true\" class=\"wp-block-spacer\"><\/div>\n\n\n\n<h3 class=\"wp-block-heading\">Acc\u00e8s salles<\/h3>\n\n\n\n<p>Pour les nouveaux, m\u00eame salles que celles du forum des associations \ud83d\ude09.<\/p>\n\n\n\n<p>Salles Jo Le Dr\u00e9vo (en haut, sol parquet) :<\/p>\n\n\n\n<figure class=\"wp-block-image size-full is-resized\"><img data-recalc-dims=\"1\" loading=\"lazy\" decoding=\"async\" width=\"640\" height=\"480\" src=\"https:\/\/i0.wp.com\/essas-du-volant.fr\/wp-content\/uploads\/IMG_20240405_181908-2000x1500-1.webp?resize=640%2C480&#038;ssl=1\" alt=\"\" class=\"wp-image-10958\" style=\"width:700px\" srcset=\"https:\/\/i0.wp.com\/essas-du-volant.fr\/wp-content\/uploads\/IMG_20240405_181908-2000x1500-1.webp?w=1800&amp;ssl=1 1800w, https:\/\/i0.wp.com\/essas-du-volant.fr\/wp-content\/uploads\/IMG_20240405_181908-2000x1500-1.webp?resize=300%2C225&amp;ssl=1 300w, https:\/\/i0.wp.com\/essas-du-volant.fr\/wp-content\/uploads\/IMG_20240405_181908-2000x1500-1.webp?resize=768%2C576&amp;ssl=1 768w, https:\/\/i0.wp.com\/essas-du-volant.fr\/wp-content\/uploads\/IMG_20240405_181908-2000x1500-1.webp?resize=1536%2C1152&amp;ssl=1 1536w, https:\/\/i0.wp.com\/essas-du-volant.fr\/wp-content\/uploads\/IMG_20240405_181908-2000x1500-1.webp?resize=360%2C270&amp;ssl=1 360w, https:\/\/i0.wp.com\/essas-du-volant.fr\/wp-content\/uploads\/IMG_20240405_181908-2000x1500-1.webp?w=1280&amp;ssl=1 1280w\" sizes=\"auto, (max-width: 640px) 100vw, 640px\" \/><\/figure>\n\n\n\n<p>Salle Pierre Le Nouail (en bas, sol gris\/bleu) :<\/p>\n\n\n\n<figure class=\"wp-block-image size-large is-resized\"><img data-recalc-dims=\"1\" loading=\"lazy\" decoding=\"async\" width=\"640\" height=\"480\" src=\"https:\/\/i0.wp.com\/essas-du-volant.fr\/wp-content\/uploads\/Salle-Pierre-Le-Nouail.jpg?resize=640%2C480&#038;ssl=1\" alt=\"Salle Pierre Le Nouail\" class=\"wp-image-10937\" style=\"width:700px\" srcset=\"https:\/\/i0.wp.com\/essas-du-volant.fr\/wp-content\/uploads\/Salle-Pierre-Le-Nouail-scaled.jpg?resize=2000%2C1500&amp;ssl=1 2000w, https:\/\/i0.wp.com\/essas-du-volant.fr\/wp-content\/uploads\/Salle-Pierre-Le-Nouail-scaled.jpg?resize=300%2C225&amp;ssl=1 300w, https:\/\/i0.wp.com\/essas-du-volant.fr\/wp-content\/uploads\/Salle-Pierre-Le-Nouail-scaled.jpg?resize=768%2C576&amp;ssl=1 768w, https:\/\/i0.wp.com\/essas-du-volant.fr\/wp-content\/uploads\/Salle-Pierre-Le-Nouail-scaled.jpg?resize=1536%2C1152&amp;ssl=1 1536w, https:\/\/i0.wp.com\/essas-du-volant.fr\/wp-content\/uploads\/Salle-Pierre-Le-Nouail-scaled.jpg?resize=2048%2C1536&amp;ssl=1 2048w, https:\/\/i0.wp.com\/essas-du-volant.fr\/wp-content\/uploads\/Salle-Pierre-Le-Nouail-scaled.jpg?resize=360%2C270&amp;ssl=1 360w, https:\/\/i0.wp.com\/essas-du-volant.fr\/wp-content\/uploads\/Salle-Pierre-Le-Nouail-scaled.jpg?w=1280&amp;ssl=1 1280w, https:\/\/i0.wp.com\/essas-du-volant.fr\/wp-content\/uploads\/Salle-Pierre-Le-Nouail-scaled.jpg?w=1920&amp;ssl=1 1920w\" sizes=\"auto, (max-width: 640px) 100vw, 640px\" \/><\/figure>\n\n\n\n<p><\/p>\n\n\n\n<p>Coordonn\u00e9es :<br>B.A.S.A.R.<br>1, Rue des Droits de l&rsquo;Homme<br>56890 Saint-Av\u00e9<\/p>\n\n\n\n<p><strong style=\"color: black;\"><a style=\"color: #0000ff; text-align: left;\" href=\"https:\/\/www.google.fr\/maps\/place\/Bureau+des+Associations+Saint-Av%C3%A9+(B.A.S.A.R.)\/@47.6905307,-2.7397553,295m\/data=!3m1!1e3!4m5!3m4!1s0x0:0x21b6a3b22fb6ff41!8m2!3d47.6908551!4d-2.7390651?hl=fr\">Plan Google<\/a><\/strong><\/p>\n","protected":false},"excerpt":{"rendered":"<p>\u26a0\ufe0f Pendant les vacances, horaires sp\u00e9ciaux. \u26a0\ufe0fLundi 19h-21h et mercredi 19h-21h, salle Jo Le Dr\u00e9vo\/Pierre Le Nouail selon disponibilit\u00e9. Cr\u00e9neaux 2025-2026 (hors vacances) Et pour ceux et celles qui pr\u00e9f\u00e8rent un dessin\/tableau\/sch\u00e9ma plut\u00f4t qu&rsquo;un long discours, voici ci-dessous les cr\u00e9neaux 2025-2026 en tableau \ud83d\ude09 Jour Horaire Public Salle Lundi 18h15-20h Jeu libre Jo le Dr\u00e9vo6 terrains 20h-22h30 Jeu libre + interclubs Mercredi 18h-20h Jeu libre Pierre Le Nouail4 terrains 20h-22h30 Entra\u00eenement comp\u00e9titeurs Jeudi 18h30-20h Jeu libre Pierre Le Nouail4 terrains&#8230;<\/p>\n<p class=\"read-more\"><a class=\"btn btn-default\" href=\"https:\/\/essas-du-volant.fr\/index.php\/pratique\/horaires-et-salles\/\"> Read More<span class=\"screen-reader-text\">  Read More<\/span><\/a><\/p>\n","protected":false},"author":1,"featured_media":0,"parent":55,"menu_order":0,"comment_status":"closed","ping_status":"closed","template":"","meta":{"jetpack_post_was_ever_published":false,"footnotes":""},"class_list":["post-25","page","type-page","status-publish","hentry"],"jetpack_sharing_enabled":true,"jetpack_likes_enabled":true,"_links":{"self":[{"href":"https:\/\/essas-du-volant.fr\/index.php\/wp-json\/wp\/v2\/pages\/25","targetHints":{"allow":["GET"]}}],"collection":[{"href":"https:\/\/essas-du-volant.fr\/index.php\/wp-json\/wp\/v2\/pages"}],"about":[{"href":"https:\/\/essas-du-volant.fr\/index.php\/wp-json\/wp\/v2\/types\/page"}],"author":[{"embeddable":true,"href":"https:\/\/essas-du-volant.fr\/index.php\/wp-json\/wp\/v2\/users\/1"}],"replies":[{"embeddable":true,"href":"https:\/\/essas-du-volant.fr\/index.php\/wp-json\/wp\/v2\/comments?post=25"}],"version-history":[{"count":41,"href":"https:\/\/essas-du-volant.fr\/index.php\/wp-json\/wp\/v2\/pages\/25\/revisions"}],"predecessor-version":[{"id":13450,"href":"https:\/\/essas-du-volant.fr\/index.php\/wp-json\/wp\/v2\/pages\/25\/revisions\/13450"}],"up":[{"embeddable":true,"href":"https:\/\/essas-du-volant.fr\/index.php\/wp-json\/wp\/v2\/pages\/55"}],"wp:attachment":[{"href":"https:\/\/essas-du-volant.fr\/index.php\/wp-json\/wp\/v2\/media?parent=25"}],"curies":[{"name":"wp","href":"https:\/\/api.w.org\/{rel}","templated":true}]}}