{"id":657,"date":"2017-01-01T22:17:59","date_gmt":"2017-01-01T21:17:59","guid":{"rendered":"https:\/\/essasblog.wordpress.com\/?page_id=657"},"modified":"2023-07-02T15:40:08","modified_gmt":"2023-07-02T13:40:08","slug":"presentation","status":"publish","type":"page","link":"https:\/\/essas-du-volant.fr\/index.php\/presentation\/","title":{"rendered":"L&rsquo;Association"},"content":{"rendered":"<div class=\"wp-block-image\">\n<figure class=\"aligncenter size-full\"><img data-recalc-dims=\"1\" loading=\"lazy\" decoding=\"async\" width=\"512\" height=\"512\" src=\"https:\/\/i0.wp.com\/essas-du-volant.fr\/wp-content\/uploads\/cropped-Logo-BCSA-copie.png?resize=512%2C512&#038;ssl=1\" alt=\"\" class=\"wp-image-9178\" srcset=\"https:\/\/i0.wp.com\/essas-du-volant.fr\/wp-content\/uploads\/cropped-Logo-BCSA-copie.png?w=512&amp;ssl=1 512w, https:\/\/i0.wp.com\/essas-du-volant.fr\/wp-content\/uploads\/cropped-Logo-BCSA-copie.png?resize=300%2C300&amp;ssl=1 300w, https:\/\/i0.wp.com\/essas-du-volant.fr\/wp-content\/uploads\/cropped-Logo-BCSA-copie.png?resize=150%2C150&amp;ssl=1 150w, https:\/\/i0.wp.com\/essas-du-volant.fr\/wp-content\/uploads\/cropped-Logo-BCSA-copie.png?resize=270%2C270&amp;ssl=1 270w, https:\/\/i0.wp.com\/essas-du-volant.fr\/wp-content\/uploads\/cropped-Logo-BCSA-copie.png?resize=192%2C192&amp;ssl=1 192w, https:\/\/i0.wp.com\/essas-du-volant.fr\/wp-content\/uploads\/cropped-Logo-BCSA-copie.png?resize=180%2C180&amp;ssl=1 180w, https:\/\/i0.wp.com\/essas-du-volant.fr\/wp-content\/uploads\/cropped-Logo-BCSA-copie.png?resize=32%2C32&amp;ssl=1 32w\" sizes=\"auto, (max-width: 512px) 100vw, 512px\" \/><\/figure>\n<\/div>\n\n\n<p><br>Le Badminton Club de Saint-Av\u00e9 est une association de badminton situ\u00e9e \u00e0 Saint-Av\u00e9. Elle est n\u00e9e en 2006 avec pour but de faire d\u00e9couvrir <a href=\"https:\/\/essas-du-volant.fr\/index.php\/presentation\/badminton-11\/\">le badminton<\/a> aux habitants des environs, mais aussi de permettre \u00e0 ceux qui le d\u00e9sirent de pratiquer le badminton en loisir et en comp\u00e9tition.<\/p>\n\n\n\n<p>L\u2019association cotise \u00e9galement au <a href=\"http:\/\/www.basar-saintave.fr\/\">Bureau des Associations de Saint-Av\u00e9 R\u00e9unies ou BASAR<\/a>, o\u00f9 est situ\u00e9 son si\u00e8ge social.<\/p>\n\n\n\n<p>Le club est aussi affili\u00e9 \u00e0 la <a href=\"http:\/\/www.ffbad.org\/\">F\u00e9d\u00e9ration Fran\u00e7aise de Badminton ou FFBAD<\/a> et affilie directement ses adh\u00e9rents \u00e0 l&rsquo;<a href=\"https:\/\/essas-du-volant.fr\/index.php\/pratique\/inscription\/\">inscription<\/a>, que vous vouliez jouer en comp\u00e9titions (interclubs, tournois&#8230;) ou que vous souhaitiez simplement venir jouer au club.<br>La Ligue de Bretagne de Badminton (LBBAD) et le Comit\u00e9 d\u00e9partemental de badminton du Morbihan (Comit\u00e9 56 Badminton) sont des d\u00e9clinaisons respectivement r\u00e9gionale et d\u00e9partementale de la FFBAD auquel le club est \u00e9galement affili\u00e9.<\/p>\n\n\n\n<p>Une \u00e9cole de badminton pour les jeunes de 8 \u00e0 18 ans est anim\u00e9e par un entra\u00eeneur suivant la cat\u00e9gorie d&rsquo;\u00e2ge et\/ou niveau (minibad et poussins, benjamins et minimes, cadets et juniors).<\/p>\n\n\n\n<p>Enfin, l&rsquo;association dispose d&rsquo;un <a href=\"https:\/\/essas-du-volant.fr\/index.php\/presentation\/bureau\/\">bureau<\/a> dont l&rsquo;actuel pr\u00e9sident est Michel Fleury.<\/p>\n\n\n\n<h3 class=\"wp-block-heading\">Un loisir avant tout&#8230;<\/h3>\n\n\n<div class=\"wp-block-image\">\n<figure class=\"aligncenter\"><img data-recalc-dims=\"1\" loading=\"lazy\" decoding=\"async\" width=\"640\" height=\"240\" src=\"https:\/\/i0.wp.com\/essas-du-volant.fr\/wp-content\/uploads\/2017\/01\/accueil_adultes.jpg?resize=640%2C240&#038;ssl=1\" alt=\"accueil_adultes\" class=\"wp-image-3143\" srcset=\"https:\/\/i0.wp.com\/essas-du-volant.fr\/wp-content\/uploads\/2017\/01\/accueil_adultes.jpg?w=4000&amp;ssl=1 4000w, https:\/\/i0.wp.com\/essas-du-volant.fr\/wp-content\/uploads\/2017\/01\/accueil_adultes.jpg?resize=300%2C113&amp;ssl=1 300w, https:\/\/i0.wp.com\/essas-du-volant.fr\/wp-content\/uploads\/2017\/01\/accueil_adultes.jpg?resize=768%2C288&amp;ssl=1 768w, https:\/\/i0.wp.com\/essas-du-volant.fr\/wp-content\/uploads\/2017\/01\/accueil_adultes.jpg?resize=2000%2C750&amp;ssl=1 2000w, https:\/\/i0.wp.com\/essas-du-volant.fr\/wp-content\/uploads\/2017\/01\/accueil_adultes.jpg?w=1280&amp;ssl=1 1280w, https:\/\/i0.wp.com\/essas-du-volant.fr\/wp-content\/uploads\/2017\/01\/accueil_adultes.jpg?w=1920&amp;ssl=1 1920w\" sizes=\"auto, (max-width: 640px) 100vw, 640px\" \/><\/figure>\n<\/div>\n\n\n<p class=\"has-text-align-center\">Le Badminton Club de Saint-Av\u00e9 vous invite \u00e0 venir exercer le badminton <b>quelque soit votre niveau<\/b>.<br>L&rsquo;accent \u00e9tant mis sur le loisir, les activit\u00e9s se d\u00e9roulent dans un cadre <b>amical<\/b>.<br>Pour <i>se d\u00e9tendre<\/i> apr\u00e8s le travail, <i>pratiquer une activit\u00e9<\/i> pour garder la forme, ou tout simplement <i>par attrait<\/i> pour le badminton\u2026 Nous vous accueillons.<\/p>\n\n\n\n<h3 class=\"wp-block-heading\">Un apprentissage&#8230;<\/h3>\n\n\n<div class=\"wp-block-image\">\n<figure class=\"aligncenter\"><img data-recalc-dims=\"1\" loading=\"lazy\" decoding=\"async\" width=\"640\" height=\"240\" src=\"https:\/\/i0.wp.com\/essas-du-volant.fr\/wp-content\/uploads\/2017\/01\/accueil_jeunes.jpg?resize=640%2C240&#038;ssl=1\" alt=\"accueil_jeunes\" class=\"wp-image-3145\" srcset=\"https:\/\/i0.wp.com\/essas-du-volant.fr\/wp-content\/uploads\/2017\/01\/accueil_jeunes.jpg?w=4000&amp;ssl=1 4000w, https:\/\/i0.wp.com\/essas-du-volant.fr\/wp-content\/uploads\/2017\/01\/accueil_jeunes.jpg?resize=300%2C113&amp;ssl=1 300w, https:\/\/i0.wp.com\/essas-du-volant.fr\/wp-content\/uploads\/2017\/01\/accueil_jeunes.jpg?resize=768%2C288&amp;ssl=1 768w, https:\/\/i0.wp.com\/essas-du-volant.fr\/wp-content\/uploads\/2017\/01\/accueil_jeunes.jpg?resize=2000%2C750&amp;ssl=1 2000w, https:\/\/i0.wp.com\/essas-du-volant.fr\/wp-content\/uploads\/2017\/01\/accueil_jeunes.jpg?w=1280&amp;ssl=1 1280w, https:\/\/i0.wp.com\/essas-du-volant.fr\/wp-content\/uploads\/2017\/01\/accueil_jeunes.jpg?w=1920&amp;ssl=1 1920w\" sizes=\"auto, (max-width: 640px) 100vw, 640px\" \/><\/figure>\n<\/div>\n\n\n<p class=\"has-text-align-center\">Les cr\u00e9neaux d\u00e9di\u00e9s aux jeunes sont consacr\u00e9s \u00e0 un <b>apprentissage<\/b> construit du badminton,<br>afin de <b>progresser<\/b> et de prendre un maximum de <b>plaisir<\/b> \u00e0 jouer par la suite.<br>Ces cr\u00e9neaux sont <b>adapt\u00e9s<\/b> au niveau et aux capacit\u00e9s de chacun.<\/p>\n\n\n\n<h3 class=\"wp-block-heading\">Une ambiance !<\/h3>\n\n\n<div class=\"wp-block-image\">\n<figure class=\"aligncenter\"><img data-recalc-dims=\"1\" loading=\"lazy\" decoding=\"async\" width=\"640\" height=\"355\" src=\"https:\/\/i0.wp.com\/essas-du-volant.fr\/wp-content\/uploads\/2017\/01\/accueil_cadre.jpg?resize=640%2C355&#038;ssl=1\" alt=\"accueil_cadre\" class=\"wp-image-3144\" srcset=\"https:\/\/i0.wp.com\/essas-du-volant.fr\/wp-content\/uploads\/2017\/01\/accueil_cadre.jpg?w=2050&amp;ssl=1 2050w, https:\/\/i0.wp.com\/essas-du-volant.fr\/wp-content\/uploads\/2017\/01\/accueil_cadre.jpg?resize=300%2C167&amp;ssl=1 300w, https:\/\/i0.wp.com\/essas-du-volant.fr\/wp-content\/uploads\/2017\/01\/accueil_cadre.jpg?resize=768%2C426&amp;ssl=1 768w, https:\/\/i0.wp.com\/essas-du-volant.fr\/wp-content\/uploads\/2017\/01\/accueil_cadre.jpg?resize=2000%2C1110&amp;ssl=1 2000w, https:\/\/i0.wp.com\/essas-du-volant.fr\/wp-content\/uploads\/2017\/01\/accueil_cadre.jpg?w=1280&amp;ssl=1 1280w, https:\/\/i0.wp.com\/essas-du-volant.fr\/wp-content\/uploads\/2017\/01\/accueil_cadre.jpg?w=1920&amp;ssl=1 1920w\" sizes=\"auto, (max-width: 640px) 100vw, 640px\" \/><\/figure>\n<\/div>\n\n\n<p class=\"has-text-align-center\">Caract\u00e9ris\u00e9e par une ambiance <b>conviviale<\/b>, le Badminton Club de Saint-Av\u00e9 est une association <b>vivante<\/b>.<br>Vous pourrez pratiquer le badminton au sein d&rsquo;un groupe <b>chaleureux<\/b>.<br>Adapt\u00e9es \u00e0 chaque <b>envie<\/b>, les s\u00e9ances s&rsquo;en trouvent tr\u00e8s int\u00e9ressantes.<br>Pour plaire \u00e0 tous, les s\u00e9ances sont un juste milieu entre <b>loisir<\/b> et <b>apprentissage<\/b> !<\/p>\n","protected":false},"excerpt":{"rendered":"<p>Le Badminton Club de Saint-Av\u00e9 est une association de badminton situ\u00e9e \u00e0 Saint-Av\u00e9. Elle est n\u00e9e en 2006 avec pour but de faire d\u00e9couvrir le badminton aux habitants des environs, mais aussi de permettre \u00e0 ceux qui le d\u00e9sirent de pratiquer le badminton en loisir et en comp\u00e9tition. L\u2019association cotise \u00e9galement au Bureau des Associations de Saint-Av\u00e9 R\u00e9unies ou BASAR, o\u00f9 est situ\u00e9 son si\u00e8ge social. Le club est aussi affili\u00e9 \u00e0 la F\u00e9d\u00e9ration Fran\u00e7aise de Badminton ou FFBAD et&#8230;<\/p>\n<p class=\"read-more\"><a class=\"btn btn-default\" href=\"https:\/\/essas-du-volant.fr\/index.php\/presentation\/\"> Read More<span class=\"screen-reader-text\">  Read More<\/span><\/a><\/p>\n","protected":false},"author":1,"featured_media":0,"parent":0,"menu_order":0,"comment_status":"closed","ping_status":"closed","template":"","meta":{"jetpack_post_was_ever_published":false,"footnotes":""},"class_list":["post-657","page","type-page","status-publish","hentry"],"jetpack_sharing_enabled":true,"jetpack_likes_enabled":true,"_links":{"self":[{"href":"https:\/\/essas-du-volant.fr\/index.php\/wp-json\/wp\/v2\/pages\/657","targetHints":{"allow":["GET"]}}],"collection":[{"href":"https:\/\/essas-du-volant.fr\/index.php\/wp-json\/wp\/v2\/pages"}],"about":[{"href":"https:\/\/essas-du-volant.fr\/index.php\/wp-json\/wp\/v2\/types\/page"}],"author":[{"embeddable":true,"href":"https:\/\/essas-du-volant.fr\/index.php\/wp-json\/wp\/v2\/users\/1"}],"replies":[{"embeddable":true,"href":"https:\/\/essas-du-volant.fr\/index.php\/wp-json\/wp\/v2\/comments?post=657"}],"version-history":[{"count":7,"href":"https:\/\/essas-du-volant.fr\/index.php\/wp-json\/wp\/v2\/pages\/657\/revisions"}],"predecessor-version":[{"id":9187,"href":"https:\/\/essas-du-volant.fr\/index.php\/wp-json\/wp\/v2\/pages\/657\/revisions\/9187"}],"wp:attachment":[{"href":"https:\/\/essas-du-volant.fr\/index.php\/wp-json\/wp\/v2\/media?parent=657"}],"curies":[{"name":"wp","href":"https:\/\/api.w.org\/{rel}","templated":true}]}}