{"id":6606,"date":"2019-11-15T17:10:05","date_gmt":"2019-11-15T16:10:05","guid":{"rendered":"http:\/\/essas-du-volant.fr\/?page_id=6606"},"modified":"2024-08-15T11:29:30","modified_gmt":"2024-08-15T09:29:30","slug":"4eme-scrat-tour-de-saint-ave","status":"publish","type":"page","link":"https:\/\/essas-du-volant.fr\/index.php\/tournois\/4eme-scrat-tour-de-saint-ave\/","title":{"rendered":"4\u00e8me Scrat Tour de Saint-Av\u00e9"},"content":{"rendered":"\n<p>Le club de L\u2019ESSA\u2019s du Volant a pr\u00e9par\u00e9 son quatri\u00e8me tournoi !!! Le <strong>4\u00e8me Scrat Tour de Saint-Av\u00e9<\/strong> a eu lieu le 22 et 23 f\u00e9vrier 2020 \u00e0 \u2026 Saint-Av\u00e9 (Morbihan, Bretagne, Ouest de la France ;)), comme son nom l\u2019indique. Il \u00e9tait ouvert \u00e0 tous les joueurs et joueuses minimes, cadets, juniors, seniors et v\u00e9t\u00e9rans licenci\u00e9s en France et de cat\u00e9gories NC, P12, P11, P10, D9, D8, D7, R6 et R5. Simples et mixtes le samedi (un seul tableau possible) et doubles le dimanche. Un tableau \u00e0 11\u20ac et deux tableaux \u00e0 16\u20ac. Date limite d\u2019inscription : le vendredi 14 f\u00e9vrier 2020. Nous vous attendions nombreux pour ce week-end !<\/p>\n\n\n\n<p>Ci-dessous, toutes les infos.<\/p>\n\n\n\n<figure class=\"wp-block-image size-large\"><img loading=\"lazy\" decoding=\"async\" width=\"1810\" height=\"2560\" src=\"https:\/\/i0.wp.com\/essas-du-volant.fr\/wp-content\/uploads\/Affiche-4\u00e8me-Scrat-Tour-de-Saint-Av\u00e9-2020-scaled.jpg?fit=640%2C905\" alt=\"\" class=\"wp-image-6629\" srcset=\"https:\/\/i0.wp.com\/essas-du-volant.fr\/wp-content\/uploads\/Affiche-4%C3%A8me-Scrat-Tour-de-Saint-Av%C3%A9-2020-scaled.jpg?w=1810&amp;ssl=1 1810w, https:\/\/i0.wp.com\/essas-du-volant.fr\/wp-content\/uploads\/Affiche-4%C3%A8me-Scrat-Tour-de-Saint-Av%C3%A9-2020-scaled.jpg?resize=212%2C300&amp;ssl=1 212w, https:\/\/i0.wp.com\/essas-du-volant.fr\/wp-content\/uploads\/Affiche-4%C3%A8me-Scrat-Tour-de-Saint-Av%C3%A9-2020-scaled.jpg?resize=1414%2C2000&amp;ssl=1 1414w, https:\/\/i0.wp.com\/essas-du-volant.fr\/wp-content\/uploads\/Affiche-4%C3%A8me-Scrat-Tour-de-Saint-Av%C3%A9-2020-scaled.jpg?resize=768%2C1086&amp;ssl=1 768w, https:\/\/i0.wp.com\/essas-du-volant.fr\/wp-content\/uploads\/Affiche-4%C3%A8me-Scrat-Tour-de-Saint-Av%C3%A9-2020-scaled.jpg?resize=1086%2C1536&amp;ssl=1 1086w, https:\/\/i0.wp.com\/essas-du-volant.fr\/wp-content\/uploads\/Affiche-4%C3%A8me-Scrat-Tour-de-Saint-Av%C3%A9-2020-scaled.jpg?resize=1448%2C2048&amp;ssl=1 1448w, https:\/\/i0.wp.com\/essas-du-volant.fr\/wp-content\/uploads\/Affiche-4%C3%A8me-Scrat-Tour-de-Saint-Av%C3%A9-2020-scaled.jpg?resize=191%2C270&amp;ssl=1 191w, https:\/\/i0.wp.com\/essas-du-volant.fr\/wp-content\/uploads\/Affiche-4%C3%A8me-Scrat-Tour-de-Saint-Av%C3%A9-2020-scaled.jpg?w=1280&amp;ssl=1 1280w\" sizes=\"auto, (max-width: 640px) 100vw, 640px\" \/><\/figure>\n\n\n\n<p><a href=\"https:\/\/i0.wp.com\/essas-du-volant.fr\/wp-content\/uploads\/Affiche-4\u00e8me-Scrat-Tour-de-Saint-Av\u00e9-2020-scaled.jpg\">Affiche 4\u00e8me Scrat Tour de Saint-Av\u00e9<\/a><\/p>\n\n\n\n<p><a href=\"https:\/\/essas-du-volant.fr\/wp-content\/uploads\/Plaquette-invitation-4\u00e8me-Scrat-Tour-de-Saint-Av\u00e9.pdf\">Plaquette de pr\u00e9sentation 4\u00e8me Scrat Tour de Saint-Av\u00e9<\/a><\/p>\n\n\n\n<p><a href=\"https:\/\/essas-du-volant.fr\/wp-content\/uploads\/R\u00e8glement_particulier_4\u00e8me_Scrat_Tour.pdf\">R\u00e8glement particulier 4\u00e8me Scrat Tour de Saint-Av\u00e9<\/a><\/p>\n\n\n\n<p><a href=\"https:\/\/essas-du-volant.fr\/wp-content\/uploads\/Fiche-inscription-4\u00e8me-Scrat-Tour-de-Saint-Av\u00e9.xlsx\">Fiche inscription 4\u00e8me Scrat Tour de Saint-Av\u00e9<\/a><\/p>\n\n\n\n<p><a href=\"https:\/\/l.facebook.com\/l.php?u=https%3A%2F%2Fdrive.google.com%2Fopen%3Fid%3D1-7VB7SEUwIyIJltlyMoWV1NezzSZpySx%26fbclid%3DIwAR1YumCexdahyM7zGEkKSXzVVgdrD1Ye6iH9fkaPlW8D3D-dhwNaY6qXWmg&amp;h=AT0DGgbH88N5torkvaxQtFGFV0uqy-WzAXlDexutRpTM3MjSDe_f-V0MkZCtOMj0NsZFXim4cMEic6KHuwtkKTPnbIHKhhRy5ewmBSvSPsiuVr7yAAHZa-YVr4dSFkAZu5nyBm7_5fP1sEweu5bnZLoMrUhNgqZx08hKi-_0_9WORoMJ0uYp-pBAXz6mwB6vzm1BVU2yGcQQQ21aCI6okDUOzVo2Gk6-nMVk3IyfexvRBpOSeJeSehD7HtT1XDb6XFuPtgF-glNX-XIQ35vKp1NWGWnE-WY7eIYokBQnIFFhetNxpyvHdRhBNSyxG2pC95kSirALAXIHtDj-JniKAohIPjeI7LA7PAc9fbdtYeuMaFmZgfq5PY2u5eFL4wt_obo2ZNOnpVRL80BWzRb6P2drRWU5NLoN0QEn3MZlKRLRv7bKdHkSoPPfT87uB6Y90eOFofUmngpgZWG3uUvkkFD2AZ4nsUfy_5sAKk21uAw6GHmpSELpJFiaNbdqV9tDcAYy5hAyBAqsAxfIip_ZZqKvIzr6MTdBRjlTdrGF-An2aklWFt1SfeRHXwgVIPebrnHswT7Y1anKmnzlw19jEZ9z89AuPw\"><\/a> Et les <a href=\"https:\/\/essas-du-volant.fr\/wp-content\/uploads\/Convocations-4\u00e8me-Scrat-Tour-v1.pdf\">convocations<\/a>. <\/p>\n\n\n\n<p>Enfin, le <a href=\"https:\/\/essas-du-volant.fr\/wp-content\/uploads\/Palmar\u00e8s-4\u00e8me-Scrat-Tour.pdf\">palmar\u00e8s<\/a> et les <a href=\"https:\/\/essas-du-volant.fr\/wp-content\/uploads\/R\u00e9sultats-4\u00e8me-Scrat-Tour.pdf\">r\u00e9sultats<\/a>.<\/p>\n\n\n\n<p>\u00c0 l&rsquo;ann\u00e9e prochaine pour de nouvelles aventures !!!<\/p>\n","protected":false},"excerpt":{"rendered":"<p>Le club de L\u2019ESSA\u2019s du Volant a pr\u00e9par\u00e9 son quatri\u00e8me tournoi !!! Le 4\u00e8me Scrat Tour de Saint-Av\u00e9 a eu lieu le 22 et 23 f\u00e9vrier 2020 \u00e0 \u2026 Saint-Av\u00e9 (Morbihan, Bretagne, Ouest de la France ;)), comme son nom l\u2019indique. Il \u00e9tait ouvert \u00e0 tous les joueurs et joueuses minimes, cadets, juniors, seniors et v\u00e9t\u00e9rans licenci\u00e9s en France et de cat\u00e9gories NC, P12, P11, P10, D9, D8, D7, R6 et R5. Simples et mixtes le samedi (un seul tableau&#8230;<\/p>\n<p class=\"read-more\"><a class=\"btn btn-default\" href=\"https:\/\/essas-du-volant.fr\/index.php\/tournois\/4eme-scrat-tour-de-saint-ave\/\"> Read More<span class=\"screen-reader-text\">  Read More<\/span><\/a><\/p>\n","protected":false},"author":3,"featured_media":0,"parent":1956,"menu_order":0,"comment_status":"closed","ping_status":"closed","template":"","meta":{"jetpack_post_was_ever_published":false,"footnotes":""},"class_list":["post-6606","page","type-page","status-publish","hentry"],"jetpack_sharing_enabled":true,"jetpack_likes_enabled":true,"_links":{"self":[{"href":"https:\/\/essas-du-volant.fr\/index.php\/wp-json\/wp\/v2\/pages\/6606","targetHints":{"allow":["GET"]}}],"collection":[{"href":"https:\/\/essas-du-volant.fr\/index.php\/wp-json\/wp\/v2\/pages"}],"about":[{"href":"https:\/\/essas-du-volant.fr\/index.php\/wp-json\/wp\/v2\/types\/page"}],"author":[{"embeddable":true,"href":"https:\/\/essas-du-volant.fr\/index.php\/wp-json\/wp\/v2\/users\/3"}],"replies":[{"embeddable":true,"href":"https:\/\/essas-du-volant.fr\/index.php\/wp-json\/wp\/v2\/comments?post=6606"}],"version-history":[{"count":8,"href":"https:\/\/essas-du-volant.fr\/index.php\/wp-json\/wp\/v2\/pages\/6606\/revisions"}],"predecessor-version":[{"id":10970,"href":"https:\/\/essas-du-volant.fr\/index.php\/wp-json\/wp\/v2\/pages\/6606\/revisions\/10970"}],"up":[{"embeddable":true,"href":"https:\/\/essas-du-volant.fr\/index.php\/wp-json\/wp\/v2\/pages\/1956"}],"wp:attachment":[{"href":"https:\/\/essas-du-volant.fr\/index.php\/wp-json\/wp\/v2\/media?parent=6606"}],"curies":[{"name":"wp","href":"https:\/\/api.w.org\/{rel}","templated":true}]}}